ommon divisor of 29 and 493.
29
What is the greatest common factor of 364 and 156?
52
Calculate the greatest common divisor of 38 and 494.
38
What is the greatest common divisor of 43 and 4472?
43
Calculate the highest common factor of 432 and 7668.
108
What is the highest common factor of 13 and 26?
13
What is the greatest common factor of 12 and 3732?
12
What is the highest common divisor of 743 and 1?
1
Calculate the highest common factor of 18 and 336.
6
Calculate the highest common factor of 1596 and 36.
12
Calculate the greatest common divisor of 84 and 294.
42
Calculate the greatest common factor of 845 and 637.
13
Calculate the highest common factor of 147 and 637.
49
What is the greatest common factor of 343 and 392?
49
Calculate the greatest common divisor of 10 and 22810.
10
Calculate the greatest common factor of 25 and 1075.
25
What is the greatest common factor of 803 and 11?
11
Calculate the greatest common divisor of 1376 and 32.
32
What is the greatest common factor of 1016 and 2159?
127
What is the highest common divisor of 44 and 5511?
11
Calculate the highest common factor of 14 and 322.
14
Calculate the highest common divisor of 378 and 14.
14
Calculate the greatest common factor of 30 and 2805.
15
Calculate the greatest common divisor of 14 and 492.
2
What is the highest common divisor of 127 and 889?
127
What is the highest common factor of 51 and 7089?
51
Calculate the highest common divisor of 1422 and 5372.
158
What is the greatest common factor of 5840 and 280?
40
Calculate the highest common factor of 20585 and 23.
23
What is the highest common factor of 689 and 65?
13
What is the highest common factor of 17 and 493?
17
Calculate the greatest common factor of 21719 and 37.
37
Calculate the highest common factor of 42 and 294.
42
Calculate the highest common divisor of 56 and 70.
14
Calculate the highest common factor of 11 and 32087.
11
What is the greatest common factor of 63 and 252?
63
What is the highest common divisor of 48 and 464?
16
What is the highest common factor of 6356 and 280?
28
What is the highest common divisor of 2060 and 20?
20
What is the greatest common factor of 20 and 25?
5
What is the highest common factor of 8667 and 107?
107
What is the greatest common divisor of 50 and 6140?
10
Calculate the greatest common factor of 264 and 495.
33
Calculate the highest common factor of 128 and 96.
32
What is the highest common factor of 1936 and 286?
22
Calculate the highest common divisor of 76 and 76.
76
What is the greatest common factor of 228 and 24?
12
Calculate the highest common factor of 35 and 420.
35
What is the greatest common divisor of 556 and 973?
139
Calculate the greatest common divisor of 32 and 1376.
32
What is the highest common factor of 1311 and 57?
57
What is the greatest common divisor of 22 and 44?
22
What is the greatest common divisor of 903 and 84?
21
What is the highest common factor of 13958 and 14?
14
Calculate the highest common factor of 468 and 4797.
117
Calculate the greatest common factor of 122 and 7381.
61
Calculate the greatest common divisor of 93 and 3.
3
What is the highest common divisor of 1134 and 420?
42
What is the highest common divisor of 351 and 27?
27
What is the highest common factor of 50 and 130?
10
Calculate the highest common divisor of 8 and 2872.
8
Calculate the highest common divisor of 180 and 495.
45
Calculate the greatest common factor of 30 and 24.
6
Calculate the greatest common divisor of 10800 and 756.
108
What is the greatest common factor of 95 and 171?
19
What is the greatest common factor of 969 and 57?
57
What is the highest common factor of 36 and 552?
12
What is the highest common factor of 76 and 2242?
38
Calculate the highest common factor of 55 and 935.
55
What is the highest common divisor of 18 and 54?
18
What is the greatest common divisor of 6 and 2?
2
Calculate the greatest common factor of 26 and 26.
26
Calculate the greatest common factor of 17 and 10489.
17
What is the greatest common divisor of 2296 and 112?
56
What is the greatest common factor of 133 and 28?
7
What is the greatest common factor of 2362 and 12?
2
Calculate the highest common factor of 594 and 5841.
99
What is the highest common divisor of 18 and 177?
3
What is the greatest common factor of 11313 and 27?
27
What is the highest common factor of 352 and 1952?
32
What is the highest common factor of 129185 and 35?
35
Calculate the greatest common factor of 1387 and 146.
73
Calculate the highest common factor of 49 and 21.
7
Calculate the greatest common factor of 1590 and 345.
15
What is the highest common divisor of 1098 and 72?
18
What is the highest common divisor of 38 and 361?
19
What is the greatest common factor of 909 and 27?
9
What is the highest common divisor of 152 and 893?
19
What is the greatest common divisor of 117 and 54?
9
What is the highest common divisor of 9 and 45783?
9
Calculate the highest common factor of 66 and 66.
66
What is the highest common factor of 36218 and 546?
182
Calculate the highest common divisor of 140 and 35.
35
What is the greatest common factor of 612 and 60?
12
Calculate the highest common factor of 232 and 96.
8
Calculate the highest common factor of 18 and 282.
6
What is the highest common factor of 16 and 12368?
16
What is the highest common divisor of 305 and 180?
5
What is the highest common factor of 2 and 134?
2
What is the highest common factor of 112565 and 235?
235
Calculate the greatest common divisor of 144 and 4518.
18
Calculate the greatest common factor of 39 and 4134.
39
Calculate the highest common factor of 132 and 30.
6
Calculate the highest common factor of 3368 and 24.
8
Calculate the highest common divisor of 16 and 752.
16
What is the greatest common divisor of 154 and 693?
77
What is the highest common factor of 51 and 10047?
51
What is the greatest common divisor of 20 and 1532?
4
Calculate the highest common divisor of 1728 and 126.
18
Calculate the highest common divisor of 1 and 773.
1
Calculate the highest common divisor of 1694 and 33.
11
Calculate the greatest common divisor of 2290 and 10.
10
What is the highest common divisor of 703 and 171?
19
What is the highest common factor of 25 and 105?
5
What is the greatest common factor of 378 and 546?
42
What is the highest common divisor of 18 and 1188?
18
Calculate the greatest common factor of 93 and 961.
31
Calculate the highest common factor of 9373 and 364.
91
Calculate the highest common divisor of 61791 and 129.
129
Calculate the highest common factor of 168 and 48.
24
Calculate the greatest common divisor of 543 and 12.
3
What is the greatest common factor of 18 and 279?
9
What is the greatest common factor of 340 and 320?
20
What is the greatest common divisor of 828 and 368?
92
What is the greatest common factor of 1507 and 33?
11
Calculate the highest common factor of 112 and 176.
16
Calculate the greatest common factor of 372 and 12.
12
What is the highest common divisor of 12 and 4272?
12
Calculate the highest common divisor of 16132 and 148.
148
What is the highest common factor of 7112 and 8?
8
What is the highest common factor of 29 and 116?
29
Calculate the highest common factor of 16 and 152.
8
Calculate the highest common factor of 48 and 300.
12
What is the greatest common factor of 104 and 3224?
104
What is the highest common factor of 112 and 1736?
56
Calculate the highest common factor of 630 and 28.
14
What is the highest common factor of 15 and 435?
15
Calculate the greatest common factor of 2800 and 112.
112
What is the greatest common divisor of 176 and 44?
44
Calculate the greatest common factor of 666 and 207.
9
Calculate the greatest common divisor of 172 and 1462.
86
What is the highest common divisor of 493 and 1649?
17
What is the greatest common factor of 810 and 60?
30
Calculate the greatest common divisor of 533 and 13.
13
Calculate the greatest common divisor of 60 and 780.
60
Calculate the greatest common divisor of 42 and 1044.
6
Calculate the greatest common factor of 34 and 2.
2
Calculate the highest common divisor of 1118 and 650.
26
Calculate the greatest common factor of 2584 and 14535.
323
What is the greatest common divisor of 54 and 729?
27
What is the greatest common divisor of 133 an